 -6*c(w) + 2*y(w). Calculate z(f).
-6
Suppose -3*i - 8*i - 66 = 0. Let v(p) = 5*p + 1. Let s(a) = -9*a - 2. Let y(h) = i*s(h) - 11*v(h). What is y(-1)?
2
Suppose -6*a + 5*a = -2. Let b(d) = 3*d - 2*d + d - a - d. Suppose -2*m = -7*m. Calculate b(m).
-2
Let r(s) be the first derivative of 10*s**2 - s - 591. Suppose 27 = -9*o + 36. What is r(o)?
19
Let g(y) = -y**2 - 3*y + 2. Let f be g(-2). Suppose -2 - 22 = -f*j. Let a(h) = 3*h + 3*h - 6*h + 1 - h + 0*h. Give a(j).
-5
Let h(t) = -t**3 - 10*t**2 + 15*t - 3. Let l be h(-11). Let a = -40 - l. Suppose 2*u - 11 = -a. Let z(c) = 11*c + 1. Give z(u).
23
Let i(n) = -32*n - 14*n - 33*n - n + 636 + 34*n. Calculate i(14).
-8
Let j(i) = 2*i**3 - i. Let v(w) = -13*w**3 - w**2 - w - 4. Let p(c) = 6*j(c) + v(c). Determine p(-2).
14
Let k(p) be the second derivative of 2/3*p**4 - 1/20*p**5 + 5 + 14*p + 0*p**3 - 7/2*p**2. Calculate k(8).
-7
Let c(f) = -3*f**2 + 5*f + 1. Suppose -55*p + 75*p = 47*p + 81. Give c(p).
-41
Suppose -9*u = -8*u - 88. Let q = u - 84. Let r(o) = 3*o**3 - q - 4*o**3 + 6*o - 6*o**3 + 8*o**3 + 8*o**2. What is r(-7)?
3
Let p(o) be the second derivative of -o**4/12 + 17*o**3/6 - 23*o**2 + 35*o + 33. Give p(10).
24
Let b(u) = -7*u**2 + u - 7. Let y(x) = 11*x**2 - 2*x + 16. Let t(d) = 2*b(d) + y(d). Give t(-3).
-25
Let y(k) be the second derivative of k**3/6 + k**2 + 1401*k. Suppose 0 = -2*o + 11 - 3. Suppose 0 = v + o - 0. Give y(v).
-2
Let t(r) = 39*r**2 - 25 - 60*r**2 + 22*r**2 + 0 + 14*r. Determine t(-16).
7
Let t(d) = d**2 - 7*d. Let v(u) be the first derivative of 4*u**3 + 3*u**2 + u - 184. Let g be v(-1). Calculate t(g).
0
Let r(o) be the second derivative of o**5/20 + 11*o**4/12 - o**3 + 3*o**2 + 4*o - 29. Calculate r(-12).
-66
Let c(s) be the second derivative of 2/3*s**3 + 0 + 9/2*s**2 - 43*s. Determine c(-5).
-11
Let b be (-6264)/(-64) + 1/8. Let m = 97 - b. Let i be ((0 - -4) + m)/(6/8). Let f(q) = -q**3 + 4*q**2 + 2. Give f(i).
2
Suppose -9*m + 4*m + 2*x - 42 = 0, 4*m + 2*x = -30. Let f be (1 + 1)/(4/(-8)). Let d be f/m + 3/(-6). Let q(p) = p - 11. Calculate q(d).
-11
Let d(n) = -n**2 + 2*n - 2. Let f = -133 + 142. Let t(l) = 4*l**2 - 7*l + 9. Let u(x) = f*d(x) + 2*t(x). Give u(4).
0
Let n(v) = -529*v + 1097*v - 587*v - 4. What is n(-6)?
110
Let y(z) = -12 - 2*z + 12*z - 15 - 6 - 9*z. Calculate y(16).
-17
Let w(j) = -6*j**2 - 5*j + 6. Let s(z) = -5*z**2 - 5*z + 6. Let i be 2 + (21 + -5)/4. Let m(f) = i*w(f) - 7*s(f). What is m(4)?
-2
Let g(l) be the first derivative of 4*l**2 + 15*l + 14910. What is g(7)?
71
Let s(k) = 19*k - 156. Let x be s(8). Let t(j) be the third derivative of j**4/24 + 2*j**3/3 + 2*j**2 + 56. Determine t(x).
0
Let n(v) = v**3 - 3*v**2 - 13*v + 4. Let l be ((-12)/(-28) - 51/21) + 7. What is n(l)?
-11
Let t(h) = h**3. Let c(r) = 3*r**3 - 3*r**2 + 3*r - 3. Let u = -638 - -639. Let q(i) = u*c(i) - 2*t(i). Let y be (-2 + 3/2)*-6. Calculate q(y).
6
Let g(z) = -z - 1. Let w(l) = 3*l + 3. Let q(r) = -2*g(r) - w(r). Let i be 108/(-57) - 402/3819. Calculate q(i).
1
Let q(y) = -y**2 - 8*y - 8. Let p(j) = -j**3 - 7*j**2 + 13*j + 108. Let w be p(-6). What is q(w)?
4
Let g(r) = 7*r**3 - 7*r**2 + 3*r - 6. Let y(j) = -5*j**3 + 6*j**2 - 3*j + 5. Let x(s) = 2*g(s) + 3*y(s). Let v be 6*(18/20 + (-6)/15). Calculate x(v).
3
Let k = -22 - -24. Suppose 29*s + k = 30*s. Let y(o) = 1 - o + 0*o**s + 17*o**2 - 7*o**2 - 5*o**2. Give y(1).
5
Suppose -8*n + 68 = 60. Let q(g) = -51*g - g**2 + 81*g - 29*g + n. Give q(2).
-1
Suppose -7*q - 50 = -6*q. Let g be (-12)/q*-10 + 4/10. Let o(t) = 5*t. Give o(g).
-10
Suppose -14 = -4*b - 2. Suppose -b*u + 12 = 0, -3*d + 0*d + 5 = -4*u. Let z(i) = 2*i - i**3 - i + 5*i - 4*i**2 - 3 + d*i**2. Calculate z(4).
5
Let g be (-1 - -1) + (-126)/(-84). Let l(b) be the first derivative of -1/3*b**3 + 17 + g*b**2 + b. What is l(5)?
-9
Let i(y) = 28*y**3 + 2*y**2 - 1. Suppose -97*j = 18*j - 115. Calculate i(j).
29
Let y(q) = -20*q - 2 - 16*q - 18*q + 57*q + 28*q**2 + 1. Calculate y(-1).
24
Let j(s) = -4*s**2 - 28*s + 5. Let f = -2086 + 2078. Calculate j(f).
-27
Let o = 9 + -473. Let g = o + 453. Let v(m) = -m**3 - 10*m**2 + 11*m - 4. Calculate v(g).
-4
Let y(g) = 31*g - 21. Let n be y(4). Suppose -5*c - 5*r + 4*r + 533 = 0, 2*c = 5*r + 224. Let d = c - n. Let b(o) = -o - 2. Determine b(d).
-6
Suppose 5*i - 8 = 2*h, -106 + 100 = h - 3*i. Let a(w) = w**2 - 8*w + 5. What is a(h)?
-7
Let j(p) = -21*p - 27. Let i(u) = -3*u - 4. Let t(h) = 6*i(h) - j(h). Let a be (5/10)/((-1)/(-6)). Let x be ((-24)/(-18))/((-1)/a). Calculate t(x).
-9
Suppose -3*h = -k - 4, 315*k - 318*k = h - 18. Let r(t) be the second derivative of -9/2*t**2 + 34*t + t**4 + 1/20*t**5 + 0*t**h + 0. Give r(-12).
-9
Let v(n) = n**3 + 4*n**2 - 9*n - 7. Let h = -117 - -171. Suppose -3*p + h = 72. What is v(p)?
-25
Let o(m) = 8*m**2 + 116*m - 23. Let g(u) = -5*u**2 - 67*u + 12. Let x(s) = -5*g(s) - 3*o(s). Give x(11).
-13
Let b(n) = 19 - 41 + 20 + 4*n + 0*n - 4*n**2. Suppose -13*a + 2 = -24. Determine b(a).
-10
Let a(p) be the second derivative of p**4/12 - 13*p**3/6 + 12*p**2 - p. Let s(n) = -n**2 - 241*n - 9254. Let t be s(-48). What is a(t)?
-6
Let d(y) = -52*y + 5. Suppose 5*a + 20 = 5*p, -404*p + 402*p + 14 = a. Determine d(a).
-99
Let x(g) be the third derivative of g**5/60 + g**4/24 + 15*g**3 + 312*g**2 + g. What is x(0)?
90
Let f be ((-100)/8 - 1)*72/(-162). Let k(j) = j**3 - 9*j**2 + 17*j - 5. Calculate k(f).
-11
Let t(g) = -23*g**2 + 26*g + 11. Let u(q) = 8*q**2 - 9*q - 4. Let s(i) = -6*t(i) - 17*u(i). Suppose -4*n + 2*n - 6 = 0. Let x be ((2 + n)*4)/(-2). Give s(x).
4
Let m(p) = 5*p - 21. Let g(h) = -2*h**2 + 284*h - 2160. Let n be g(8). What is m(n)?
-101
Let s be 2 + 2*6/4. Suppose -s*v = 7*v - 24. Let n(q) = -2*q**2 + 4. Calculate n(v).
-4
Let y(q) = -q**3 + 3*q**2 + 5*q - 10. Let a = 109 - 106. Let c be y(a). Let w(t) = 7*t - 12. Calculate w(c).
23
Let k(z) = 6*z - 5. Let f(i) = 8*i - 4. Let g(b) = 4*f(b) - 3*k(b). Let y(c) = -44*c + 4. Let r(l) = 10*g(l) + 3*y(l). Determine r(3).
26
Suppose u + t + 11 - 4 = 0, -2*u = -3*t - 1. Let s(k) be the first derivative of -4*k - 1/4*k**4 - 2*k**3 - 7/2*k**2 - 3. Calculate s(u).
-8
Let s(f) = -7*f + 6. Let i be -5 - (3 - (0 - -13)). Suppose -i*k - 3 = 12, 5*y - 3*k = 264. Suppose -y*b + 47*b = -20. What is s(b)?
-29
Let j(m) = -4*m - 6 + 0*m + 2*m - m**3 - 6*m**2. Suppose 4*q + 18 = c - 2, -2*q = c - 20. Suppose v - r + 16 = 11, 3*v = -2*r - c. What is j(v)?
6
Let x(h) = -15*h + 36. Let n(q) = -3*q + 7. Let a(c) = -21*n(c) + 4*x(c). Let f = -5881 - -5883. Give a(f).
3
Let x(s) = -s**3 - s**2 + 4*s + 3. Suppose -11*d + 420 = 4*d. Let b be d/16 - 4/(-16). Suppose 5*w = -4*f - 7, f - 5*f = -b*w + 14. Determine x(f).
9
Let q = 1073 + -1070. Let m(v) = 2*v**3 - v**2 - 4*v. Calculate m(q).
33
Suppose 0 = -5*t + 5*h - 20, 7*t - 4*h = 6*t - 10. Let l(d) = d**2 + d - 2. Let c(x) = -x**2 - 2*x + 3. Let g(r) = -2*c(r) - 3*l(r). Calculate g(t).
-6
Suppose 2*t + 5*g - g - 12 = 0, -7*g = -t - 30. Let a(u) = -28*u - 40. Give a(t).
16
Let u(j) be the third derivative of -j**4/24 - 3*j**3/2 + 10*j**2. Suppose -4*c - 20 = 2*v, 0*c = -c - 5*v + 13. Determine u(c).
-2
Let m(w) = 2*w + 7. Let l(j) = j**2 - 5*j - 3. Let c be l(0). Let o(n) = -n - 1. Let y be o(c). Suppose 2*g = t + 16, t - y*g - 20 = 6*t. Give m(t).
-5
Let x(h) be the first derivative of h**3 - 1/12*h**4 + 2*h**2 + 9 + h. Let n(c) be the first derivative of x(c). Calculate n(6).
4
Let t(y) = -4*y**3 + 36*y**2 - 36*y + 39. Let x(i) = -i**3 + 9*i**2 - 9*i + 10. Let n(b) = -2*t(b) + 9*x(b). Suppose -182*z = -457*z + 2200. What is n(z)?
4
Let v(j) be the second derivative of -1/12*j**4 - 3/2*j**3 - 2*j - j**2 - 61. Determine v(-9).
-2
Let y = 6266 - 6262. Let f(w) be the third derivative of -w**6/120 + w**5/15 + w**4/12 - w**3/3 - w**2. Give f(y).
6
Let t(j) be the first derivative of j**4/4 + 2*j**3/3 - j**2/2 - 26391. Let v(z) = z**2 - 5*z + 3. Let p be v(5). Suppose r + 0*r + p = 0. Determine t(r).
-6
Let l = -54 + 59. Let v(b) = 7*b - b**2 - 10*b + 6*b - 7. Determine v(l).
-17
Let o(y) = y**3 - 4*y**2 - 4*y + 8. Let t be ((-48)/30)/((-1)/((-15)/6)). Let d(m) = -m**3 + 5*m**2 + 4*m - 9. Let b(q) = t*o(q) - 3*d(q). Determine b(2).
-1
Suppose 38 = -4*v + v - q, -4*q = 2*v + 12. Let o be 16/v - (-8)/56. L